{"id":1292,"date":"2025-09-01T17:25:48","date_gmt":"2025-09-01T17:25:48","guid":{"rendered":"https:\/\/ia-mp.org\/?page_id=1292"},"modified":"2026-01-28T15:16:38","modified_gmt":"2026-01-28T15:16:38","slug":"partrens","status":"publish","type":"page","link":"https:\/\/ia-mp.org\/?page_id=1292","title":{"rendered":"Partrens"},"content":{"rendered":"\t\t<div data-elementor-type=\"wp-page\" data-elementor-id=\"1292\" class=\"elementor elementor-1292\" data-elementor-post-type=\"page\">\n\t\t\t\t<div class=\"elementor-element elementor-element-945192d e-flex e-con-boxed e-con e-parent\" data-id=\"945192d\" data-element_type=\"container\" data-e-type=\"container\">\n\t\t\t\t\t<div class=\"e-con-inner\">\n\t\t\t\t<div class=\"elementor-element elementor-element-c578f8d elementor-widget elementor-widget-html\" data-id=\"c578f8d\" data-element_type=\"widget\" data-e-type=\"widget\" data-widget_type=\"html.default\">\n\t\t\t\t\t<!-- Google Font -->\r\n<link href=\"https:\/\/fonts.googleapis.com\/css2?family=Inter:wght@400;600&display=swap\" rel=\"stylesheet\">\r\n\r\n<style>\r\n  .partners-section {\r\n    font-family: 'Inter', sans-serif;\r\n    padding: 80px 20px;\r\n    background-color: #fff;\r\n    text-align: center;\r\n  }\r\n  .partners-section h2 {\r\n    font-size: 3em;\r\n    color: #00538B; \/* Changed here *\/\r\n    margin-bottom: 60px;\r\n    font-weight: 700;\r\n  }\r\n  .partners-grid {\r\n    display: grid;\r\n    grid-template-columns: repeat(auto-fit, minmax(280px, 1fr));\r\n    gap: 30px;\r\n    max-width: 1200px;\r\n    margin: 0 auto;\r\n  }\r\n  .partner-card {\r\n    background-color: #fff;\r\n    border-radius: 16px;\r\n    box-shadow: 0 6px 20px rgba(0, 0, 0, 0.1);\r\n    padding: 30px 20px;\r\n    text-align: left;\r\n    display: flex;\r\n    flex-direction: column;\r\n    justify-content: space-between;\r\n  }\r\n  .partner-card img {\r\n    width: 100%;\r\n    height: 220px;\r\n    object-fit: cover;\r\n    border-radius: 10px;\r\n    margin-bottom: 20px;\r\n  }\r\n  .partner-card h3 {\r\n    font-size: 1.4em;\r\n    color: #00538B; \/* Changed here *\/\r\n    margin-bottom: 10px;\r\n  }\r\n  .partner-card p {\r\n    font-size: 1em;\r\n    color: #555;\r\n    line-height: 1.5;\r\n    flex-grow: 1;\r\n  }\r\n  .partner-card a {\r\n    margin-top: 20px;\r\n    display: inline-block;\r\n    background-color: #00538B; \/* Changed here *\/\r\n    color: white;\r\n    padding: 10px 24px;\r\n    border-radius: 25px;\r\n    font-weight: 600;\r\n    text-decoration: none;\r\n    transition: 0.3s;\r\n  }\r\n  .partner-card a:hover {\r\n    background-color: #00538B; \/* Adjusted for hover effect *\/\r\n    color: white;\r\n  }\r\n<\/style>\r\n\r\n<section class=\"partners-section\">\r\n  <h2>Our Partners<\/h2>\r\n  <div class=\"partners-grid\">\r\n    <div class=\"partner-card\">\r\n      <img decoding=\"async\" src=\"https:\/\/ia-mp.org\/wp-content\/uploads\/2025\/09\/WhatsApp_Image_2022-10-08_at_20.30.25__1_-removebg-preview-1.webp\">\r\n      <h3>SSN<\/h3>\r\n      <p>Sea Skills Network est une \u00e9quipe de professionnels maritimes avec plus de 10 ans d\u2019exp\u00e9rience, offrant un soutien unique en conception, construction et exploitation de navires. Leur expertise couvre les paquebots de prestige, les chantiers navals, les soci\u00e9t\u00e9s de classification, les op\u00e9rateurs maritimes, les fournisseurs IT et l\u2019ing\u00e9nierie marine<\/p>\r\n      \r\n    <\/div>\r\n    <div class=\"partner-card\">\r\n      <img decoding=\"async\" src=\"https:\/\/ia-mp.org\/wp-content\/uploads\/2025\/09\/UKPRN_10094059-removebg-preview-1.webp\" alt=\"UKRLP\">\r\n      <h3>UKRLP<\/h3>\r\n      <p>IAMP is registered with the United Kingdom Register of Learning Providers, as a verified UK learning provider. The United Kingdom Register of Learning Providers (UKRLP) is an official Government Register of Verified Learning Providers in the UK and is used by government departments agencies such as the Learning and Skills Council, Careers Advice Service, HESA, HEFCE and UCAS, and by learners and employers.<\/p>\r\n     \r\n    <\/div>\r\n    <div class=\"partner-card\">\r\n      <img decoding=\"async\" src=\"https:\/\/ia-mp.org\/wp-content\/uploads\/2025\/09\/CPD-Cert_Service_logo_PMS2593-002.webp\" alt=\"CPD Certification Service\">\r\n      <h3>The CPD Certification Service<\/h3>\r\n      <p>Continuing Professional Development is a commitment to ongoing lifelong learning. CPD encourages looking forward and identifying opportunities to learn something new, refresh existing knowledge, improve skills, or simply keep up-to-date with the latest developments within a particular profession or industry.\r\n<\/p>\r\n   \r\n    <\/div>\r\n    <div class=\"partner-card\">\r\n      <img decoding=\"async\" src=\"https:\/\/ia-mp.org\/wp-content\/uploads\/2025\/09\/ecsa_logo__2_-removebg-preview.webp\" alt=\"ECSA\">\r\n      <h3>ECSA<\/h3>\r\n      <p>The European Community Shipowners\u2019 Association (ECSA) is the voice of the European shipping industry. Founded in 1965 as \u201cComit\u00e9 des Associations d\u2019Armateurs des Communaut\u00e9s Europ\u00e9ennes (CAACE)\u201d, ECSA promotes the interests of 20 member associations of the EU and Norway..<\/p>\r\n      \r\n    <\/div>\r\n    <div class=\"partner-card\">\r\n      <img decoding=\"async\" src=\"https:\/\/ia-mp.org\/wp-content\/uploads\/2025\/09\/Logo_2-removebg-preview.webp\" alt=\"Maritime Academy Training\">\r\n      <h3>Maritime Academy Training<\/h3>\r\n      <p>Maritime Academy Training has provided hundreds of thousands of students from more than 185 countries with essential maritime skills and knowledge. Our education has helped students achieve a variety of career goals, everything from getting a promotion to starting a maritime business to pursuing new interests.<\/p>\r\n    \r\n    <\/div>\r\n    <div class=\"partner-card\">\r\n      <img decoding=\"async\" src=\"https:\/\/ia-mp.org\/wp-content\/uploads\/2025\/09\/Logo_DNV-GL-removebg-preview.webp\" alt=\"DNV GL\">\r\n      <h3>DNV GL<\/h3>\r\n      <p>We are an independent expert in assurance and risk management. Driven by our purpose, to safeguard life, property and the environment, we empower our customers and their stakeholders with facts and reliable insights so that critical decisions can be made with confidence.<\/p>\r\n     \r\n    <\/div>\r\n  <\/div>\r\n<\/section>\r\n\t\t\t\t<\/div>\n\t\t\t\t\t<\/div>\n\t\t\t\t<\/div>\n\t\t\t\t<\/div>\n\t\t","protected":false},"excerpt":{"rendered":"<p>Our Partners SSN Sea Skills Network est une \u00e9quipe de professionnels maritimes avec plus de 10 ans d\u2019exp\u00e9rience, offrant un soutien unique en conception, construction et exploitation de navires. Leur expertise couvre les paquebots de prestige, les chantiers navals, les soci\u00e9t\u00e9s de classification, les op\u00e9rateurs maritimes, les fournisseurs IT et l\u2019ing\u00e9nierie marine UKRLP IAMP is [&hellip;]<\/p>\n","protected":false},"author":1,"featured_media":0,"parent":0,"menu_order":0,"comment_status":"closed","ping_status":"closed","template":"elementor_header_footer","meta":{"footnotes":""},"class_list":["post-1292","page","type-page","status-publish","hentry"],"_links":{"self":[{"href":"https:\/\/ia-mp.org\/index.php?rest_route=\/wp\/v2\/pages\/1292","targetHints":{"allow":["GET"]}}],"collection":[{"href":"https:\/\/ia-mp.org\/index.php?rest_route=\/wp\/v2\/pages"}],"about":[{"href":"https:\/\/ia-mp.org\/index.php?rest_route=\/wp\/v2\/types\/page"}],"author":[{"embeddable":true,"href":"https:\/\/ia-mp.org\/index.php?rest_route=\/wp\/v2\/users\/1"}],"replies":[{"embeddable":true,"href":"https:\/\/ia-mp.org\/index.php?rest_route=%2Fwp%2Fv2%2Fcomments&post=1292"}],"version-history":[{"count":16,"href":"https:\/\/ia-mp.org\/index.php?rest_route=\/wp\/v2\/pages\/1292\/revisions"}],"predecessor-version":[{"id":1806,"href":"https:\/\/ia-mp.org\/index.php?rest_route=\/wp\/v2\/pages\/1292\/revisions\/1806"}],"wp:attachment":[{"href":"https:\/\/ia-mp.org\/index.php?rest_route=%2Fwp%2Fv2%2Fmedia&parent=1292"}],"curies":[{"name":"wp","href":"https:\/\/api.w.org\/{rel}","templated":true}]}}